{"id":94,"date":"2014-03-10T17:22:39","date_gmt":"2014-03-10T17:22:39","guid":{"rendered":"http:\/\/rammerstorfer.cc\/takingthestand\/?page_id=94"},"modified":"2014-03-10T17:29:02","modified_gmt":"2014-03-10T17:29:02","slug":"gallery","status":"publish","type":"page","link":"https:\/\/www.imzeugenstand.at\/en\/media-news\/gallery\/","title":{"rendered":"Gallery"},"content":{"rendered":"<div>Galerie<\/div>\n<div>\n<div>\n<div>\n<div><a title=\"Buch- und DVD-Pr\u00e4sentation\" href=\"http:\/\/www.rammerstorfer.cc\/imzeugenstand\/index.php?view=category&amp;catid=3&amp;option=com_joomgallery&amp;Itemid=88\"> <img decoding=\"async\" alt=\"Buch- und DVD-Pr\u00e4sentation\" src=\"http:\/\/www.rammerstorfer.cc\/imzeugenstand\/images\/joomgallery\/thumbnails\/buch-_und_dvd-praesentation_3\/puchenau_20120529_1284788477.jpg\" \/> <\/a><\/div>\n<\/div>\n<div>\n<ul>\n<li><a href=\"http:\/\/www.rammerstorfer.cc\/imzeugenstand\/index.php?view=category&amp;catid=3&amp;option=com_joomgallery&amp;Itemid=88\"> <b>Buch- und DVD-Pr\u00e4sentation<\/b> <\/a><\/li>\n<li>(25 Bilder)<\/li>\n<li>am 29. 1. 2012, 14:00 Uhr, im Buchensaal in Puchenau bei Linz<a href=\"http:\/\/www.rammerstorfer.cc\/imzeugenstand\/images\/bilder\/events\/20120129-einladung-puchenau.pdf\" target=\"_blank\"><br \/>\nEinladung zur \u00f6ffentlichen Veranstaltung<\/a><\/li>\n<\/ul>\n<\/div>\n<\/div>\n<\/div>\n<div>\n<div>\n<div><a title=\"Buch- und DVD-Pr\u00e4sentation\" href=\"http:\/\/www.rammerstorfer.cc\/imzeugenstand\/index.php?view=category&amp;catid=2&amp;option=com_joomgallery&amp;Itemid=88\"> <img decoding=\"async\" alt=\"Buch- und DVD-Pr\u00e4sentation\" src=\"http:\/\/www.rammerstorfer.cc\/imzeugenstand\/images\/joomgallery\/thumbnails\/buch-_und_dvd-praesentation_2\/landhaus_linz_20120529_1205789605.jpg\" \/> <\/a><\/div>\n<\/div>\n<div>\n<ul>\n<li><a href=\"http:\/\/www.rammerstorfer.cc\/imzeugenstand\/index.php?view=category&amp;catid=2&amp;option=com_joomgallery&amp;Itemid=88\"> <b>Buch- und DVD-Pr\u00e4sentation<\/b> <\/a><\/li>\n<li>(39 Bilder)<\/li>\n<li>am 28. 1. 2012, 16:00 Uhr, Steinerner Saal im Landhaus Linz<a href=\"http:\/\/www.rammerstorfer.cc\/imzeugenstand\/images\/bilder\/events\/20120128-einladung-lh-imzeugenstand.pdf\" target=\"_blank\"><br \/>\nEinladung des ober\u00f6sterreichischen Landeshauptmannes Dr. Josef P\u00fchringer<\/a><\/li>\n<\/ul>\n<\/div>\n<\/div>\n","protected":false},"excerpt":{"rendered":"<p>Galerie Buch- und DVD-Pr\u00e4sentation (25 Bilder) am 29. 1. 2012, 14:00 Uhr, im Buchensaal in Puchenau bei Linz Einladung zur \u00f6ffentlichen Veranstaltung Buch- und DVD-Pr\u00e4sentation (39 Bilder) am 28. 1. 2012, 16:00 Uhr, Steinerner Saal im Landhaus Linz Einladung des ober\u00f6sterreichischen Landeshauptmannes Dr. Josef P\u00fchringer<\/p>\n","protected":false},"author":1,"featured_media":0,"parent":85,"menu_order":0,"comment_status":"closed","ping_status":"open","template":"","meta":{"footnotes":""},"class_list":["post-94","page","type-page","status-publish","hentry","prodpage-style2"],"_links":{"self":[{"href":"https:\/\/www.imzeugenstand.at\/en\/wp-json\/wp\/v2\/pages\/94","targetHints":{"allow":["GET"]}}],"collection":[{"href":"https:\/\/www.imzeugenstand.at\/en\/wp-json\/wp\/v2\/pages"}],"about":[{"href":"https:\/\/www.imzeugenstand.at\/en\/wp-json\/wp\/v2\/types\/page"}],"author":[{"embeddable":true,"href":"https:\/\/www.imzeugenstand.at\/en\/wp-json\/wp\/v2\/users\/1"}],"replies":[{"embeddable":true,"href":"https:\/\/www.imzeugenstand.at\/en\/wp-json\/wp\/v2\/comments?post=94"}],"version-history":[{"count":1,"href":"https:\/\/www.imzeugenstand.at\/en\/wp-json\/wp\/v2\/pages\/94\/revisions"}],"predecessor-version":[{"id":95,"href":"https:\/\/www.imzeugenstand.at\/en\/wp-json\/wp\/v2\/pages\/94\/revisions\/95"}],"up":[{"embeddable":true,"href":"https:\/\/www.imzeugenstand.at\/en\/wp-json\/wp\/v2\/pages\/85"}],"wp:attachment":[{"href":"https:\/\/www.imzeugenstand.at\/en\/wp-json\/wp\/v2\/media?parent=94"}],"curies":[{"name":"wp","href":"https:\/\/api.w.org\/{rel}","templated":true}]}}

<div>Galerie</div>
<div>
<div>
<div>
<div><a title="Buch- und DVD-Präsentation" href="http://www.rammerstorfer.cc/imzeugenstand/index.php?view=category&amp;catid=3&amp;option=com_joomgallery&amp;Itemid=88"> <img decoding="async" alt="Buch- und DVD-Präsentation" src="http://www.rammerstorfer.cc/imzeugenstand/images/joomgallery/thumbnails/buch-_und_dvd-praesentation_3/puchenau_20120529_1284788477.jpg" /> </a></div>
</div>
<div>
<ul>
<li><a href="http://www.rammerstorfer.cc/imzeugenstand/index.php?view=category&amp;catid=3&amp;option=com_joomgallery&amp;Itemid=88"> <b>Buch- und DVD-Präsentation</b> </a></li>
<li>(25 Bilder)</li>
<li>am 29. 1. 2012, 14:00 Uhr, im Buchensaal in Puchenau bei Linz<a href="http://www.rammerstorfer.cc/imzeugenstand/images/bilder/events/20120129-einladung-puchenau.pdf" target="_blank"><br />
Einladung zur öffentlichen Veranstaltung</a></li>
</ul>
</div>
</div>
</div>
<div>
<div>
<div><a title="Buch- und DVD-Präsentation" href="http://www.rammerstorfer.cc/imzeugenstand/index.php?view=category&amp;catid=2&amp;option=com_joomgallery&amp;Itemid=88"> <img decoding="async" alt="Buch- und DVD-Präsentation" src="http://www.rammerstorfer.cc/imzeugenstand/images/joomgallery/thumbnails/buch-_und_dvd-praesentation_2/landhaus_linz_20120529_1205789605.jpg" /> </a></div>
</div>
<div>
<ul>
<li><a href="http://www.rammerstorfer.cc/imzeugenstand/index.php?view=category&amp;catid=2&amp;option=com_joomgallery&amp;Itemid=88"> <b>Buch- und DVD-Präsentation</b> </a></li>
<li>(39 Bilder)</li>
<li>am 28. 1. 2012, 16:00 Uhr, Steinerner Saal im Landhaus Linz<a href="http://www.rammerstorfer.cc/imzeugenstand/images/bilder/events/20120128-einladung-lh-imzeugenstand.pdf" target="_blank"><br />
Einladung des oberösterreichischen Landeshauptmannes Dr. Josef Pühringer</a></li>
</ul>
</div>
</div>

<p>Galerie Buch- und DVD-Präsentation (25 Bilder) am 29. 1. 2012, 14:00 Uhr, im Buchensaal in Puchenau bei Linz Einladung zur öffentlichen Veranstaltung Buch- und DVD-Präsentation (39 Bilder) am 28. 1. 2012, 16:00 Uhr, Steinerner Saal im Landhaus Linz Einladung des oberösterreichischen Landeshauptmannes Dr. Josef Pühringer</p>
