{"id":96,"date":"2014-03-10T17:23:47","date_gmt":"2014-03-10T17:23:47","guid":{"rendered":"http:\/\/rammerstorfer.cc\/takingthestand\/?page_id=96"},"modified":"2014-03-10T17:28:20","modified_gmt":"2014-03-10T17:28:20","slug":"tv-and-radio","status":"publish","type":"page","link":"https:\/\/www.imzeugenstand.at\/en\/media-news\/tv-and-radio\/","title":{"rendered":"TV and Radio"},"content":{"rendered":"<h2>TV- und Radiobeitr\u00e4ge<\/h2>\n<p><strong>ORF 2, Thema,<\/strong> 30. 1. 2012, 21:10 Uhr (Wiederholung: 31. 1. 2012, 11:50 Uhr)<br \/>\n<strong>3 sat, Thema<\/strong>, 31. 1. 2012, 11:45 Uhr<\/p>\n<p>Artikel: ORF.at &#8211; Thema, 30. 1. 2012, <a href=\"http:\/\/www.rammerstorfer.cc\/imzeugenstand\/images\/bilder\/medienberichte\/20120130_orfat_thema_andkuendigung.pdf\" target=\"_blank\">&#8220;Die K\u00e4mpfer: Holocaust-\u00dcberlebende gegen Rechts&#8221;<\/a><br \/>\nArtikel: ORF TVTHEK &#8211; Thema, 30. 1. 2012, <a href=\"http:\/\/www.rammerstorfer.cc\/imzeugenstand\/images\/bilder\/medienberichte\/20120130_orfat_thema_tvthek.pdf\" target=\"_blank\">&#8220;Holocaust-\u00dcberlebende gegen Rechts&#8221;<\/a><\/p>\n","protected":false},"excerpt":{"rendered":"<p>TV- und Radiobeitr\u00e4ge ORF 2, Thema, 30. 1. 2012, 21:10 Uhr (Wiederholung: 31. 1. 2012, 11:50 Uhr) 3 sat, Thema, 31. 1. 2012, 11:45 Uhr Artikel: ORF.at &#8211; Thema, 30. 1. 2012, &#8220;Die K\u00e4mpfer: Holocaust-\u00dcberlebende gegen Rechts&#8221; Artikel: ORF TVTHEK &#8211; Thema, 30. 1. 2012, &#8220;Holocaust-\u00dcberlebende gegen Rechts&#8221;<\/p>\n","protected":false},"author":1,"featured_media":0,"parent":85,"menu_order":0,"comment_status":"closed","ping_status":"open","template":"","meta":{"footnotes":""},"class_list":["post-96","page","type-page","status-publish","hentry","prodpage-style2"],"_links":{"self":[{"href":"https:\/\/www.imzeugenstand.at\/en\/wp-json\/wp\/v2\/pages\/96","targetHints":{"allow":["GET"]}}],"collection":[{"href":"https:\/\/www.imzeugenstand.at\/en\/wp-json\/wp\/v2\/pages"}],"about":[{"href":"https:\/\/www.imzeugenstand.at\/en\/wp-json\/wp\/v2\/types\/page"}],"author":[{"embeddable":true,"href":"https:\/\/www.imzeugenstand.at\/en\/wp-json\/wp\/v2\/users\/1"}],"replies":[{"embeddable":true,"href":"https:\/\/www.imzeugenstand.at\/en\/wp-json\/wp\/v2\/comments?post=96"}],"version-history":[{"count":1,"href":"https:\/\/www.imzeugenstand.at\/en\/wp-json\/wp\/v2\/pages\/96\/revisions"}],"predecessor-version":[{"id":97,"href":"https:\/\/www.imzeugenstand.at\/en\/wp-json\/wp\/v2\/pages\/96\/revisions\/97"}],"up":[{"embeddable":true,"href":"https:\/\/www.imzeugenstand.at\/en\/wp-json\/wp\/v2\/pages\/85"}],"wp:attachment":[{"href":"https:\/\/www.imzeugenstand.at\/en\/wp-json\/wp\/v2\/media?parent=96"}],"curies":[{"name":"wp","href":"https:\/\/api.w.org\/{rel}","templated":true}]}}

<h2>TV- und Radiobeiträge</h2>
<p><strong>ORF 2, Thema,</strong> 30. 1. 2012, 21:10 Uhr (Wiederholung: 31. 1. 2012, 11:50 Uhr)<br />
<strong>3 sat, Thema</strong>, 31. 1. 2012, 11:45 Uhr</p>
<p>Artikel: ORF.at &#8211; Thema, 30. 1. 2012, <a href="http://www.rammerstorfer.cc/imzeugenstand/images/bilder/medienberichte/20120130_orfat_thema_andkuendigung.pdf" target="_blank">&#8220;Die Kämpfer: Holocaust-Überlebende gegen Rechts&#8221;</a><br />
Artikel: ORF TVTHEK &#8211; Thema, 30. 1. 2012, <a href="http://www.rammerstorfer.cc/imzeugenstand/images/bilder/medienberichte/20120130_orfat_thema_tvthek.pdf" target="_blank">&#8220;Holocaust-Überlebende gegen Rechts&#8221;</a></p>

<p>TV- und Radiobeiträge ORF 2, Thema, 30. 1. 2012, 21:10 Uhr (Wiederholung: 31. 1. 2012, 11:50 Uhr) 3 sat, Thema, 31. 1. 2012, 11:45 Uhr Artikel: ORF.at &#8211; Thema, 30. 1. 2012, &#8220;Die Kämpfer: Holocaust-Überlebende gegen Rechts&#8221; Artikel: ORF TVTHEK &#8211; Thema, 30. 1. 2012, &#8220;Holocaust-Überlebende gegen Rechts&#8221;</p>
